{"id":904,"date":"2026-02-05T20:48:44","date_gmt":"2026-02-05T20:48:44","guid":{"rendered":"https:\/\/ferreya.cl\/?post_type=product&#038;p=904"},"modified":"2026-03-23T15:51:46","modified_gmt":"2026-03-23T15:51:46","slug":"desague-receptaculo-acrilico-circular-con-sifon-new","status":"publish","type":"product","link":"https:\/\/ferreya.cl\/index.php\/producto\/desague-receptaculo-acrilico-circular-con-sifon-new\/","title":{"rendered":"Desag\u00fce Recept\u00e1culo Acr\u00edlico Circular con Sif\u00f3n New"},"content":{"rendered":"<p>Desag\u00fce para recept\u00e1culo acr\u00edlico con sif\u00f3n.<br \/>\nSif\u00f3n extra\u00edble para una r\u00e1pida limpieza.<br \/>\nInstalaci\u00f3n de sello superior y cuerpo a trav\u00e9s de pernos de fijaci\u00f3n.<\/p>\n<p><strong>MATERIAL<\/strong><br \/>\nCuerpo de polipropileno.<\/p>\n<p><strong>INCLUYE<\/strong><br \/>\nPernos de fijaci\u00f3n de acero inoxidable.<\/p>\n<p>Puede retirar en Nataniel Cox\u00a0 937, Santiago Centro de Lunes a Jueves de 9 hasta las 13 horas o desde las 14\u00a0 hasta 17 y 30 Horas<br \/>\nViernes desde las 9 hasta las 13 horas o desde las 14 hasta las 17 horas<\/p>\n<p>Si requiere factura debe solicitarla no se genera de forma autom\u00e1tica<\/p>\n","protected":false},"excerpt":{"rendered":"<p>Precio incluye IVA<\/p>\n<p>No incluye costo de env\u00edo<\/p>\n<p>Puede Retirar en Zenteno 934 Local 9, Santiago Centro<\/p>\n<p>Despacho directo <strong>solo a Santiago Centro por 4.990<\/strong><\/p>\n<p><strong>Env\u00edo por Pagar otras comunas y Regiones por Blue Express<\/strong><\/p>\n<p>&nbsp;<\/p>\n","protected":false},"featured_media":905,"comment_status":"open","ping_status":"closed","template":"","meta":[],"product_brand":[],"product_cat":[26],"product_tag":[],"class_list":{"0":"post-904","1":"product","2":"type-product","3":"status-publish","4":"has-post-thumbnail","6":"product_cat-griferia","8":"first","9":"instock","10":"featured","11":"shipping-taxable","12":"purchasable","13":"product-type-simple"},"_links":{"self":[{"href":"https:\/\/ferreya.cl\/index.php\/wp-json\/wp\/v2\/product\/904","targetHints":{"allow":["GET"]}}],"collection":[{"href":"https:\/\/ferreya.cl\/index.php\/wp-json\/wp\/v2\/product"}],"about":[{"href":"https:\/\/ferreya.cl\/index.php\/wp-json\/wp\/v2\/types\/product"}],"replies":[{"embeddable":true,"href":"https:\/\/ferreya.cl\/index.php\/wp-json\/wp\/v2\/comments?post=904"}],"wp:featuredmedia":[{"embeddable":true,"href":"https:\/\/ferreya.cl\/index.php\/wp-json\/wp\/v2\/media\/905"}],"wp:attachment":[{"href":"https:\/\/ferreya.cl\/index.php\/wp-json\/wp\/v2\/media?parent=904"}],"wp:term":[{"taxonomy":"product_brand","embeddable":true,"href":"https:\/\/ferreya.cl\/index.php\/wp-json\/wp\/v2\/product_brand?post=904"},{"taxonomy":"product_cat","embeddable":true,"href":"https:\/\/ferreya.cl\/index.php\/wp-json\/wp\/v2\/product_cat?post=904"},{"taxonomy":"product_tag","embeddable":true,"href":"https:\/\/ferreya.cl\/index.php\/wp-json\/wp\/v2\/product_tag?post=904"}],"curies":[{"name":"wp","href":"https:\/\/api.w.org\/{rel}","templated":true}]}}