{"id":816,"date":"2025-10-21T15:17:34","date_gmt":"2025-10-21T15:17:34","guid":{"rendered":"https:\/\/ferreya.cl\/?post_type=product&#038;p=816"},"modified":"2026-03-23T16:24:22","modified_gmt":"2026-03-23T16:24:22","slug":"llave-angular-1-2-y-flexible-technoflex-1-2x15-16-de-35cm","status":"publish","type":"product","link":"https:\/\/ferreya.cl\/index.php\/producto\/llave-angular-1-2-y-flexible-technoflex-1-2x15-16-de-35cm\/","title":{"rendered":"Llave Angular 1\/2 Y Flexible Technoflex 1\/2&#215;15\/16 De 35cm"},"content":{"rendered":"<div class=\"container\">\n<section class=\"section--has-sidebar-option is-flex is-flex-wrap has-padding-top\">\n<div id=\"shopify-section-product-template\" class=\"shopify-section shopify-section--product-template has-sidebar-option\">\n<div class=\"one-whole column product-6552275353772\">\n<div class=\"product product-name--https-www-stretto-cl-products-llave-angular-1-2x1-2-y-flexible-technoflex-1-2x15-16-de-35-cm product_section js-product_section is-flex media-position--left\" data-rv-handle=\"https-www-stretto-cl-products-llave-angular-1-2x1-2-y-flexible-technoflex-1-2x15-16-de-35-cm\">\n<div class=\"two-fifths columns medium-down--one-whole\">\n<div class=\"description bottom\">\n<div class=\"desktop description-tabs\">\n<div id=\"tab-0\" class=\"product-single__description\">\n<p>Llave Angular 1\/2 Y Flexible Technoflex 1\/2&#215;15\/16 De 35cm<\/p>\n<p>CONEXI\u00d3N<br \/>\nLlave angular con conexi\u00f3n directa a la ca\u00f1er\u00eda.<br \/>\nFlexible con conexi\u00f3n HE-HE para llave angular y v\u00e1lvula de sanitario.<\/p>\n<\/div>\n<\/div>\n<\/div>\n<\/div>\n<\/div>\n<div class=\"meta\">MATERIAL<br \/>\nLlave angular: Lat\u00f3n.<br \/>\nFlexible: technoflex.<\/div>\n<div><\/div>\n<div>INCLUYE<br \/>\nLlave angular, flexible, adaptador de pl\u00e1stico, 2 tuercas y arandela de<br \/>\nacero.<\/div>\n<div><\/div>\n<\/div>\n<\/div>\n<div>TERMINACION<\/div>\n<div>Cromo<\/div>\n<\/section>\n<\/div>\n<div class=\"shopify-reviews reviewsVisibility--true\">\n<div id=\"shopify-product-reviews\" data-id=\"6552275353772\"><\/div>\n<\/div>\n<div class=\"page-content--product\"><\/div>\n<div>\n<div id=\"content-rl-w\" class=\"page-width\"><\/div>\n<\/div>\n","protected":false},"excerpt":{"rendered":"<p>Precio incluye IVA<\/p>\n<p>No incluye costo de env\u00edo<\/p>\n<p>Puede Retirar en Zenteno 934 Local 9, Santiago Centro<\/p>\n<p>Despacho directo <strong>solo a Santiago Centro por 4.990<\/strong><\/p>\n<p><strong>Env\u00edo por Pagar otras comunas y Regiones por Blue Express<\/strong><\/p>\n","protected":false},"featured_media":818,"comment_status":"open","ping_status":"closed","template":"","meta":[],"product_brand":[],"product_cat":[26],"product_tag":[],"class_list":{"0":"post-816","1":"product","2":"type-product","3":"status-publish","4":"has-post-thumbnail","6":"product_cat-griferia","8":"first","9":"instock","10":"shipping-taxable","11":"purchasable","12":"product-type-simple"},"_links":{"self":[{"href":"https:\/\/ferreya.cl\/index.php\/wp-json\/wp\/v2\/product\/816","targetHints":{"allow":["GET"]}}],"collection":[{"href":"https:\/\/ferreya.cl\/index.php\/wp-json\/wp\/v2\/product"}],"about":[{"href":"https:\/\/ferreya.cl\/index.php\/wp-json\/wp\/v2\/types\/product"}],"replies":[{"embeddable":true,"href":"https:\/\/ferreya.cl\/index.php\/wp-json\/wp\/v2\/comments?post=816"}],"wp:featuredmedia":[{"embeddable":true,"href":"https:\/\/ferreya.cl\/index.php\/wp-json\/wp\/v2\/media\/818"}],"wp:attachment":[{"href":"https:\/\/ferreya.cl\/index.php\/wp-json\/wp\/v2\/media?parent=816"}],"wp:term":[{"taxonomy":"product_brand","embeddable":true,"href":"https:\/\/ferreya.cl\/index.php\/wp-json\/wp\/v2\/product_brand?post=816"},{"taxonomy":"product_cat","embeddable":true,"href":"https:\/\/ferreya.cl\/index.php\/wp-json\/wp\/v2\/product_cat?post=816"},{"taxonomy":"product_tag","embeddable":true,"href":"https:\/\/ferreya.cl\/index.php\/wp-json\/wp\/v2\/product_tag?post=816"}],"curies":[{"name":"wp","href":"https:\/\/api.w.org\/{rel}","templated":true}]}}