{"id":422,"date":"2024-02-26T19:55:24","date_gmt":"2024-02-26T19:55:24","guid":{"rendered":"https:\/\/ferreya.cl\/?post_type=product&#038;p=422"},"modified":"2026-03-27T18:50:59","modified_gmt":"2026-03-27T18:50:59","slug":"adhesivo-de-montaje-akfix-310-ml","status":"publish","type":"product","link":"https:\/\/ferreya.cl\/index.php\/producto\/adhesivo-de-montaje-akfix-310-ml\/","title":{"rendered":"Adhesivo de Montaje Akfix 310 ml"},"content":{"rendered":"<p>Adhesivo de Montaje Akfix 310 ml<\/p>\n<p>Basado en dispersi\u00f3n acr\u00edlica<\/p>\n<p>Bueno capacidad de relleno en superficies rugosas<\/p>\n<p>Apto para aplicaciones tanto en interior como en exterior<\/p>\n<p>Admite pintura.<\/p>\n<p>Pegado de materiales, como madera, piedras no pulidas, hormig\u00f3n, yeso, azulejos, paneles, materiales de construcci\u00f3n sint\u00e9ticos etc<\/p>\n<p>Montaje de elementos decorativos de construcci\u00f3n, madera, paneles de madera y escayola, adornos de yeso y poliestireno<\/p>\n<p>Montaje de elementos decorativos de madera<\/p>\n<p>Reparaci\u00f3n de grietas en yeso<\/p>\n<p>Superficies apropiadas: Madera, DM, poliestireno, hormig\u00f3n, mamposter\u00eda, azulejos, cer\u00e1mica, piedra, placas de yeso<\/p>\n<p>&nbsp;<\/p>\n<p>&nbsp;<\/p>\n","protected":false},"excerpt":{"rendered":"<p>Precio incluye IVA<\/p>\n<p>No incluye costo de env\u00edo<\/p>\n<p>Puede Retirar en Zenteno 934 Local 9, Santiago Centro<\/p>\n<p>Despacho directo <strong>solo a Santiago Centro por 4.990<\/strong><\/p>\n","protected":false},"featured_media":435,"comment_status":"open","ping_status":"closed","template":"","meta":[],"product_brand":[],"product_cat":[44],"product_tag":[],"class_list":{"0":"post-422","1":"product","2":"type-product","3":"status-publish","4":"has-post-thumbnail","6":"product_cat-silicona","8":"first","9":"instock","10":"shipping-taxable","11":"purchasable","12":"product-type-simple"},"_links":{"self":[{"href":"https:\/\/ferreya.cl\/index.php\/wp-json\/wp\/v2\/product\/422","targetHints":{"allow":["GET"]}}],"collection":[{"href":"https:\/\/ferreya.cl\/index.php\/wp-json\/wp\/v2\/product"}],"about":[{"href":"https:\/\/ferreya.cl\/index.php\/wp-json\/wp\/v2\/types\/product"}],"replies":[{"embeddable":true,"href":"https:\/\/ferreya.cl\/index.php\/wp-json\/wp\/v2\/comments?post=422"}],"wp:featuredmedia":[{"embeddable":true,"href":"https:\/\/ferreya.cl\/index.php\/wp-json\/wp\/v2\/media\/435"}],"wp:attachment":[{"href":"https:\/\/ferreya.cl\/index.php\/wp-json\/wp\/v2\/media?parent=422"}],"wp:term":[{"taxonomy":"product_brand","embeddable":true,"href":"https:\/\/ferreya.cl\/index.php\/wp-json\/wp\/v2\/product_brand?post=422"},{"taxonomy":"product_cat","embeddable":true,"href":"https:\/\/ferreya.cl\/index.php\/wp-json\/wp\/v2\/product_cat?post=422"},{"taxonomy":"product_tag","embeddable":true,"href":"https:\/\/ferreya.cl\/index.php\/wp-json\/wp\/v2\/product_tag?post=422"}],"curies":[{"name":"wp","href":"https:\/\/api.w.org\/{rel}","templated":true}]}}