{"id":400,"date":"2024-02-21T20:46:59","date_gmt":"2024-02-21T20:46:59","guid":{"rendered":"https:\/\/ferreya.cl\/?post_type=product&#038;p=400"},"modified":"2025-11-24T19:05:50","modified_gmt":"2025-11-24T19:05:50","slug":"monomando-tina-ducha-capri","status":"publish","type":"product","link":"https:\/\/ferreya.cl\/index.php\/producto\/monomando-tina-ducha-capri\/","title":{"rendered":"Monomando Tina Ducha Capri"},"content":{"rendered":"<div>\n<p>Monomando Tina Ducha Capri<\/p>\n<p>Manilla con giro en 90\u00b0 que permite mezclar la temperatura del agua.<\/p>\n<div class=\"container\">\n<section class=\"section--has-sidebar-option is-flex is-flex-wrap has-padding-top\">\n<div id=\"shopify-section-product-template\" class=\"shopify-section shopify-section--product-template has-sidebar-option\">\n<div class=\"one-whole column product-6964351795372\">\n<div class=\"product product-name--monomando-tina-ducha-cincinnati product_section js-product_section is-flex media-position--left\" data-rv-handle=\"monomando-tina-ducha-cincinnati\">\n<div class=\"two-fifths columns medium-down--one-whole\">\n<div class=\"description bottom\">\n<div class=\"desktop description-tabs\">\n<div id=\"tab-0\" class=\"product-single__description\">\n<p>Cartucho Cer\u00e1mico 35 mm<\/p>\n<\/div>\n<\/div>\n<\/div>\n<\/div>\n<\/div>\n<div class=\"meta\">Conexi\u00f3n: Por 2 exc\u00e9ntricas S G 1\/2\u201d<\/div>\n<\/div>\n<\/div>\n<\/section>\n<\/div>\n<\/div>\n<div>\n<div class=\"container\">\n<section class=\"section--has-sidebar-option is-flex is-flex-wrap has-padding-top\">\n<div id=\"shopify-section-product-template\" class=\"shopify-section shopify-section--product-template has-sidebar-option\">\n<div class=\"one-whole column product-6964351795372\">\n<div class=\"product product-name--monomando-tina-ducha-cincinnati product_section js-product_section is-flex media-position--left\" data-rv-handle=\"monomando-tina-ducha-cincinnati\">\n<div class=\"two-fifths columns medium-down--one-whole\">\n<div class=\"description bottom\">\n<div class=\"desktop description-tabs\">\n<div id=\"tab-1\" class=\"product-single__description\">\n<p>Incluye: 2 Exc\u00e9ntricas, 2 campanas, flexible 1,75 mts., maneral 1 funci\u00f3n, soporte m\u00f3vil y restrictor con ahorro de agua.<\/p>\n<div class=\"container\">\n<section class=\"section--has-sidebar-option is-flex is-flex-wrap has-padding-top\">\n<div id=\"shopify-section-product-template\" class=\"shopify-section shopify-section--product-template has-sidebar-option\">\n<div class=\"one-whole column product-8087056744687\">\n<div class=\"meta\">Cromado<\/div>\n<div><\/div>\n<\/div>\n<\/div>\n<\/section>\n<\/div>\n<\/div>\n<\/div>\n<\/div>\n<\/div>\n<\/div>\n<div>Marca: Stretto<\/div>\n<\/div>\n<\/div>\n<\/section>\n<\/div>\n<\/div>\n","protected":false},"excerpt":{"rendered":"<p>Precio incluye IVA<\/p>\n<p>No incluye costo de env\u00edo<\/p>\n<p>Retiro en Santiago Centro<\/p>\n","protected":false},"featured_media":401,"comment_status":"open","ping_status":"closed","template":"","meta":[],"product_brand":[],"product_cat":[26],"product_tag":[],"class_list":{"0":"post-400","1":"product","2":"type-product","3":"status-publish","4":"has-post-thumbnail","6":"product_cat-griferia","8":"first","9":"outofstock","10":"shipping-taxable","11":"purchasable","12":"product-type-simple"},"_links":{"self":[{"href":"https:\/\/ferreya.cl\/index.php\/wp-json\/wp\/v2\/product\/400","targetHints":{"allow":["GET"]}}],"collection":[{"href":"https:\/\/ferreya.cl\/index.php\/wp-json\/wp\/v2\/product"}],"about":[{"href":"https:\/\/ferreya.cl\/index.php\/wp-json\/wp\/v2\/types\/product"}],"replies":[{"embeddable":true,"href":"https:\/\/ferreya.cl\/index.php\/wp-json\/wp\/v2\/comments?post=400"}],"wp:featuredmedia":[{"embeddable":true,"href":"https:\/\/ferreya.cl\/index.php\/wp-json\/wp\/v2\/media\/401"}],"wp:attachment":[{"href":"https:\/\/ferreya.cl\/index.php\/wp-json\/wp\/v2\/media?parent=400"}],"wp:term":[{"taxonomy":"product_brand","embeddable":true,"href":"https:\/\/ferreya.cl\/index.php\/wp-json\/wp\/v2\/product_brand?post=400"},{"taxonomy":"product_cat","embeddable":true,"href":"https:\/\/ferreya.cl\/index.php\/wp-json\/wp\/v2\/product_cat?post=400"},{"taxonomy":"product_tag","embeddable":true,"href":"https:\/\/ferreya.cl\/index.php\/wp-json\/wp\/v2\/product_tag?post=400"}],"curies":[{"name":"wp","href":"https:\/\/api.w.org\/{rel}","templated":true}]}}